{"id":193,"date":"2026-04-06T21:17:56","date_gmt":"2026-04-06T21:17:56","guid":{"rendered":"https:\/\/sedena-energies.fr\/?page_id=193"},"modified":"2026-04-06T21:28:12","modified_gmt":"2026-04-06T21:28:12","slug":"contact","status":"publish","type":"page","link":"https:\/\/sedena-energies.fr\/index.php\/contact\/","title":{"rendered":"Contact"},"content":{"rendered":"\n<div class=\"sedena-section\" style=\"margin-top:30px;\">\n  <h2>Contact rapide<\/h2>\n  <p class=\"sedena-section-intro\">\n    Laissez vos coordonn\u00e9es pour \u00eatre recontact\u00e9 rapidement par Sedena \u00c9nergies.\n  <\/p>\n\n  <div class=\"sedena-simulateur\" style=\"max-width:720px;margin:0 auto;\">\n\n    <form action=\"https:\/\/formspree.io\/f\/xdapbogb\" method=\"POST\">\n      <div style=\"display:grid;gap:14px;grid-template-columns:1fr 1fr;\">\n\n        <input type=\"text\" name=\"nom\" placeholder=\"Nom\" required\n        style=\"padding:14px;border-radius:12px;border:1px solid #e0ece6;font-size:15px;\">\n\n        <input type=\"text\" name=\"prenom\" placeholder=\"Pr\u00e9nom\" required\n        style=\"padding:14px;border-radius:12px;border:1px solid #e0ece6;font-size:15px;\">\n\n        <input type=\"tel\" name=\"telephone\" placeholder=\"T\u00e9l\u00e9phone\" required\n        style=\"grid-column:1\/3;padding:14px;border-radius:12px;border:1px solid #e0ece6;font-size:15px;\">\n\n        <input type=\"text\" name=\"adresse\" placeholder=\"Adresse\" required\n        style=\"grid-column:1\/3;padding:14px;border-radius:12px;border:1px solid #e0ece6;font-size:15px;\">\n\n        <input type=\"text\" name=\"code_postal\" placeholder=\"Code postal\" required\n        style=\"padding:14px;border-radius:12px;border:1px solid #e0ece6;font-size:15px;\">\n\n        <input type=\"text\" name=\"ville\" placeholder=\"Ville\" required\n        style=\"padding:14px;border-radius:12px;border:1px solid #e0ece6;font-size:15px;\">\n\n        <textarea name=\"demande\" placeholder=\"Votre demande (ex : \u00e9tude solaire, devis, informations...)\" required\n        style=\"grid-column:1\/3;padding:14px;border-radius:12px;border:1px solid #e0ece6;font-size:15px;min-height:110px;\"><\/textarea>\n\n      <\/div>\n\n      <button type=\"submit\" style=\"\n        margin-top:18px;\n        width:100%;\n        background:#0d6b52;\n        color:white;\n        border:none;\n        padding:15px;\n        border-radius:14px;\n        font-size:16px;\n        font-weight:600;\n        cursor:pointer;\">\n        \u00catre rappel\u00e9 rapidement\n      <\/button>\n\n    <\/form>\n\n  <\/div>\n<\/div>\n","protected":false},"excerpt":{"rendered":"<p>Contact rapide Laissez vos coordonn\u00e9es pour \u00eatre recontact\u00e9 rapidement par Sedena \u00c9nergies. \u00catre rappel\u00e9 rapidement<\/p>\n","protected":false},"author":1,"featured_media":0,"parent":0,"menu_order":0,"comment_status":"closed","ping_status":"closed","template":"","meta":{"zakra_page_container_layout":"customizer","zakra_page_sidebar_layout":"customizer","zakra_remove_content_margin":false,"zakra_sidebar":"customizer","zakra_transparent_header":"customizer","zakra_logo":0,"zakra_main_header_style":"default","zakra_menu_item_color":"","zakra_menu_item_hover_color":"","zakra_menu_item_active_color":"","zakra_menu_active_style":"","zakra_page_header":true,"footnotes":""},"class_list":["post-193","page","type-page","status-publish","hentry"],"_links":{"self":[{"href":"https:\/\/sedena-energies.fr\/index.php\/wp-json\/wp\/v2\/pages\/193","targetHints":{"allow":["GET"]}}],"collection":[{"href":"https:\/\/sedena-energies.fr\/index.php\/wp-json\/wp\/v2\/pages"}],"about":[{"href":"https:\/\/sedena-energies.fr\/index.php\/wp-json\/wp\/v2\/types\/page"}],"author":[{"embeddable":true,"href":"https:\/\/sedena-energies.fr\/index.php\/wp-json\/wp\/v2\/users\/1"}],"replies":[{"embeddable":true,"href":"https:\/\/sedena-energies.fr\/index.php\/wp-json\/wp\/v2\/comments?post=193"}],"version-history":[{"count":3,"href":"https:\/\/sedena-energies.fr\/index.php\/wp-json\/wp\/v2\/pages\/193\/revisions"}],"predecessor-version":[{"id":197,"href":"https:\/\/sedena-energies.fr\/index.php\/wp-json\/wp\/v2\/pages\/193\/revisions\/197"}],"wp:attachment":[{"href":"https:\/\/sedena-energies.fr\/index.php\/wp-json\/wp\/v2\/media?parent=193"}],"curies":[{"name":"wp","href":"https:\/\/api.w.org\/{rel}","templated":true}]}}